, 29, 89
What are the prime factors of 26866208?
2, 23, 173, 211
List the prime factors of 1119460.
2, 5, 223, 251
List the prime factors of 32852027.
13, 23, 109873
List the prime factors of 1126196.
2, 281549
What are the prime factors of 12644151?
3, 13, 324209
List the prime factors of 3346479.
3, 371831
What are the prime factors of 1395440?
2, 5, 17443
What are the prime factors of 1308013?
7, 186859
List the prime factors of 2128131.
3, 179, 1321
What are the prime factors of 18526386?
2, 3, 3087731
What are the prime factors of 131626?
2, 11, 31, 193
List the prime factors of 6198313.
11, 19, 47, 631
List the prime factors of 314238.
2, 3, 83, 631
What are the prime factors of 23128057?
4153, 5569
What are the prime factors of 1381329?
3, 31, 4951
What are the prime factors of 32341801?
1601, 20201
What are the prime factors of 3382527?
3, 227, 4967
What are the prime factors of 351500?
2, 5, 19, 37
What are the prime factors of 2577497?
13, 331, 599
List the prime factors of 215261.
215261
List the prime factors of 1707598.
2, 853799
What are the prime factors of 1549901?
23, 79, 853
List the prime factors of 7044111.
3, 260893
What are the prime factors of 1241217?
3, 45971
What are the prime factors of 247987?
53, 4679
What are the prime factors of 1798262?
2, 137, 6563
What are the prime factors of 29011?
67, 433
List the prime factors of 10676336.
2, 11, 60661
List the prime factors of 211494.
2, 3, 101, 349
What are the prime factors of 235034?
2, 117517
List the prime factors of 201773.
11, 13, 17, 83
List the prime factors of 474348.
2, 3, 7, 5647
What are the prime factors of 3045558?
2, 3, 507593
List the prime factors of 432263.
13, 41, 811
List the prime factors of 471762.
2, 3, 26209
What are the prime factors of 12077?
13, 929
List the prime factors of 3742458.
2, 3, 623743
List the prime factors of 546249.
3, 11, 16553
What are the prime factors of 4749?
3, 1583
What are the prime factors of 3749031?
3, 11, 13, 971
What are the prime factors of 1191872?
2, 11, 1693
What are the prime factors of 500876?
2, 125219
What are the prime factors of 3754867?
3754867
List the prime factors of 7716635.
5, 71, 21737
List the prime factors of 620549.
620549
What are the prime factors of 7089444?
2, 3, 21881
What are the prime factors of 2285009?
37, 61757
What are the prime factors of 24504935?
5, 7, 13, 53857
List the prime factors of 251085.
3, 5, 19, 881
What are the prime factors of 115990?
2, 5, 7, 1657
What are the prime factors of 17127595?
5, 79, 131, 331
List the prime factors of 10724993.
1303, 8231
List the prime factors of 39053.
7, 797
What are the prime factors of 8595361?
1693, 5077
What are the prime factors of 2206984?
2, 13, 21221
List the prime factors of 1754373.
3, 584791
List the prime factors of 1929923.
1929923
What are the prime factors of 1078895?
5, 151, 1429
What are the prime factors of 417581?
417581
List the prime factors of 150778.
2, 75389
What are the prime factors of 268707?
3, 43, 2083
List the prime factors of 2315245.
5, 19, 24371
What are the prime factors of 1066962?
2, 3, 13, 13679
List the prime factors of 500254.
2, 389, 643
List the prime factors of 369159.
3, 7, 17579
List the prime factors of 27426229.
139, 197311
What are the prime factors of 373968?
2, 3, 7, 53
What are the prime factors of 2841486?
2, 3, 401, 1181
What are the prime factors of 1636837?
59, 27743
What are the prime factors of 9670493?
7, 151, 1307
List the prime factors of 102674.
2, 11, 13, 359
What are the prime factors of 3521304?
2, 3, 48907
List the prime factors of 3778471.
17, 47, 4729
What are the prime factors of 125000?
2, 5
What are the prime factors of 27937984?
2, 436531
What are the prime factors of 402752?
2, 7, 29, 31
List the prime factors of 338629.
23, 14723
List the prime factors of 986536.
2, 127, 971
What are the prime factors of 826967?
826967
List the prime factors of 416375.
5, 3331
What are the prime factors of 110897?
43, 2579
List the prime factors of 135602.
2, 67801
List the prime factors of 10793694.
2, 3, 359, 5011
List the prime factors of 8194627.
7, 1170661
What are the prime factors of 135977?
135977
What are the prime factors of 104296?
2, 13037
List the prime factors of 1029791.
7, 131, 1123
List the prime factors of 10469890.
2, 5, 37, 28297
List the prime factors of 43495.
5, 8699
What are the prime factors of 8135999?
41, 198439
List the prime factors of 446997.
3, 37, 4027
List the prime factors of 771380.
2, 5, 38569
List the prime factors of 11253710.
2, 5, 13, 6659
List the prime factors of 1003055.
5, 83, 2417
What are the prime factors of 1130446?
2, 31, 18233
List the prime factors of 676148.
2, 11, 127
What are the prime factors of 13526544?
2, 3, 281803
List the prime factors of 785130.
2, 3, 5, 26171
List the prime factors of 2644088.
2, 67, 4933
List the prime factors of 3255136.
2, 101723
List the prime factors of 22021452.
2, 3, 611707
What are the prime factors of 975622?
2, 487811
What are the prime factors of 627392?
2, 9803
What are the prime factors of 3058054?
2, 1529027
What are the prime factors of 996484?
2, 37, 6733
What are the prime factors of 544505?
5, 13, 8377
List the prime factors of 27107.
27107
List the prime factors of 27999.
3, 17, 61
List the prime factors of 633550.
2, 5, 12671
What are the prime factors of 345466?
2, 11, 41, 383
What are the prime factors of 32325943?
13, 2486611
List the prime factors of 174646.
2, 87323
List the prime factors of 112835.
5, 22567
List the prime factors of 375673.
375673
What are the prime factors of 5590389?
3, 7, 19, 14011
What are the prime factors of 54360?
2, 3, 5, 151
List the prime factors of 647619.
3, 7, 30839
List the prime factors of 4768388.
2, 1192097
What are the prime factors of 74789?
11, 13, 523
What are the prime factors of 820206?
2, 3, 61, 83
What are the prime factors of 872532?
2, 3, 2693
List the prime factors of 10045611.
3, 37, 97, 311
What are the prime factors of 7163483?
79, 90677
What are the prime factors of 143684?
2, 17, 2113
List the prime factors of 95928.
2, 3, 7, 571
List the prime factors of 738506.
2, 369253
List the prime factors of 508871.
11, 46261
What are the prime factors of 438994?
2, 199, 1103
What are the prime factors of 653476?
2, 23, 7103
List the prime factors of 310463.
310463
List the prime factors of 4803779.
359, 13381
List the prime factors of 148466.
2, 19, 3907
What are the prime factors of 997226?
2, 498613
List the prime factors of 712853.
97, 7349
List the prime factors of 1663360.
2, 5, 23, 113
What are the prime factors of 129349?
11, 1069
What are the prime factors of 5060456?
2, 632557
List the prime factors of 641905.
5, 11, 1061
What are the prime factors of 220735?
5, 131, 337
What are the prime factors of 578213?
578213
List the prime factors of 304157.
7, 43451
What are the prime factors of 5711819?
43, 132833
List the prime factors of 84175.
5, 7, 13, 37
List the prime factors of 1724548.
2, 7, 17, 3623
What are the prime factors of 2503030?
2, 5, 43, 5821
What are the prime factors of 322151?
277, 1163
What are the prime factors of 423411?
3, 113, 1249
List the prime factors of 5428390.
2, 5, 11, 61, 809
List the prime factors of 1620885.
3, 5, 7, 43, 359
List the prime factors of 8965068.
2, 3, 7, 106727
List the prime factors of 595569.
3, 13, 15271
What are the prime factors of 8389522?
2, 4194761
List the prime factors of 1266458.
2, 613, 1033
What are the prime factors of 8704225?
5, 397, 877
What are the prime factors of 447995?
5, 89599
List the prime factors of 7185971.
13, 19, 47, 619
What are the prime factors of 4129170?
2, 3, 5, 137639
What are the prime factors of 425249?
11, 67, 577
What are the prime factors of 1336914?
2, 3, 17, 257
List the prime factors of 428919.
3, 142973
List the prime factors of 2716561.
31, 87631
What are the prime factors of 847395?
3, 5, 6277
List the prime factors of 8664823.
29, 10303
List the prime factors of 3512426.
2, 1756213
List the prime factors of 5478037.
5478037
What are the prime factors of 8076?
2, 3, 673
List the prime factors of 5742307.
241, 23827
List the prime factors of 499805.
5, 99961
What are the prime factors of 1373091?
3, 457697
List the prime factors of 257796.
2, 3